{"id":653,"date":"2022-12-12T12:00:50","date_gmt":"2022-12-12T12:00:50","guid":{"rendered":"https:\/\/old.smartislandcluster.org\/reexin\/?post_type=product&#038;p=653"},"modified":"2022-12-12T12:00:51","modified_gmt":"2022-12-12T12:00:51","slug":"el-sector-transportes-y-movilidad-sostenible-innovacion-para-lograr-la-agenda-2030","status":"publish","type":"product","link":"https:\/\/old.smartislandcluster.org\/reexin\/recurso\/el-sector-transportes-y-movilidad-sostenible-innovacion-para-lograr-la-agenda-2030\/","title":{"rendered":"El sector transportes y movilidad sostenible. Innovaci\u00f3n para lograr la Agenda 2030"},"content":{"rendered":"<p>La integraci\u00f3n de los ODS en las empresas del sector transportes y movilidad sostenible, uno de los sectores con m\u00e1s peso en el global de las emisiones de gases de efecto invernadero, y hablamos sobre las tendencias y desaf\u00edos que marcar\u00e1n su futuro como la movilidad el\u00e9ctrica o la descarbonizaci\u00f3n de la econom\u00eda. Asimismo, en este documento, extra\u00eddo de la publicaci\u00f3n \u00abODS A\u00f1o 7. Innovaci\u00f3n para lograr la Agenda 2030: nuevos modelos de negocio sostenibles\u00bb, conoceremos como el sector de transportes y movilidad sostenible est\u00e1 aplicado la innovaci\u00f3n para el desarrollo de soluciones m\u00e1s sostenibles.<\/p>\n","protected":false},"excerpt":{"rendered":"<p>La integraci\u00f3n de los ODS en las empresas del sector transportes y movilidad sostenible, uno de los sectores con m\u00e1s peso en el global de las emisiones de gases de efecto invernadero, y hablamos sobre las tendencias y desaf\u00edos que marcar\u00e1n su futuro como la movilidad el\u00e9ctrica o la descarbonizaci\u00f3n de la econom\u00eda. Asimismo, en [&hellip;]<\/p>\n","protected":false},"featured_media":0,"template":"","meta":{"_genesis_hide_title":false,"_genesis_hide_breadcrumbs":false,"_genesis_hide_singular_image":false,"_genesis_hide_footer_widgets":false,"_genesis_custom_body_class":"","_genesis_custom_post_class":"","_genesis_layout":""},"product_cat":[56],"product_tag":[],"class_list":{"0":"post-653","1":"product","2":"type-product","3":"status-publish","5":"product_cat-publicaciones","6":"entry"},"featured_image_urls":{"full":"","thumbnail":"","medium":"","medium_large":"","large":"","1536x1536":"","2048x2048":"","featured-page":"","woocommerce_thumbnail":"","woocommerce_single":"","woocommerce_gallery_thumbnail":""},"post_excerpt_stackable":"<p>La integraci\u00f3n de los ODS en las empresas del sector transportes y movilidad sostenible, uno de los sectores con m\u00e1s peso en el global de las emisiones de gases de efecto invernadero, y hablamos sobre las tendencias y desaf\u00edos que marcar\u00e1n su futuro como la movilidad el\u00e9ctrica o la descarbonizaci\u00f3n de la econom\u00eda. Asimismo, en este documento, extra\u00eddo de la publicaci\u00f3n \u00abODS A\u00f1o 7. Innovaci\u00f3n para lograr la Agenda 2030: nuevos modelos de negocio sostenibles\u00bb, conoceremos como el sector de transportes y movilidad sostenible est\u00e1 aplicado la innovaci\u00f3n para el desarrollo de soluciones m\u00e1s sostenibles.<\/p>\n","category_list":"","author_info":{"name":"","url":""},"comments_num":"0 comentarios","featured_image_urls_v2":{"full":"","thumbnail":"","medium":"","medium_large":"","large":"","1536x1536":"","2048x2048":"","featured-page":"","woocommerce_thumbnail":"","woocommerce_single":"","woocommerce_gallery_thumbnail":""},"post_excerpt_stackable_v2":"<p>La integraci\u00f3n de los ODS en las empresas del sector transportes y movilidad sostenible, uno de los sectores con m\u00e1s peso en el global de las emisiones de gases de efecto invernadero, y hablamos sobre las tendencias y desaf\u00edos que marcar\u00e1n su futuro como la movilidad el\u00e9ctrica o la descarbonizaci\u00f3n de la econom\u00eda. Asimismo, en este documento, extra\u00eddo de la publicaci\u00f3n \u00abODS A\u00f1o 7. Innovaci\u00f3n para lograr la Agenda 2030: nuevos modelos de negocio sostenibles\u00bb, conoceremos como el sector de transportes y movilidad sostenible est\u00e1 aplicado la innovaci\u00f3n para el desarrollo de soluciones m\u00e1s sostenibles.<\/p>\n","category_list_v2":"","author_info_v2":{"name":"","url":""},"comments_num_v2":"0 comentarios","yoast_head":"<!-- This site is optimized with the Yoast SEO plugin v19.11 - https:\/\/yoast.com\/wordpress\/plugins\/seo\/ -->\n<title>El sector transportes y movilidad sostenible. Innovaci\u00f3n para lograr la Agenda 2030 &gt; REEXIN<\/title>\n<meta name=\"description\" content=\"Integraci\u00f3n de los ODS en las empresas de transportes y movilidad sostenible, uno de los sectores de peso en emisiones de gases de efecto invernadero.\" \/>\n<meta name=\"robots\" content=\"index, follow, max-snippet:-1, max-image-preview:large, max-video-preview:-1\" \/>\n<link rel=\"canonical\" href=\"https:\/\/old.smartislandcluster.org\/reexin\/recurso\/el-sector-transportes-y-movilidad-sostenible-innovacion-para-lograr-la-agenda-2030\/\" \/>\n<meta property=\"og:locale\" content=\"es_ES\" \/>\n<meta property=\"og:type\" content=\"article\" \/>\n<meta property=\"og:title\" content=\"El sector transportes y movilidad sostenible. Innovaci\u00f3n para lograr la Agenda 2030 &gt; REEXIN\" \/>\n<meta property=\"og:description\" content=\"Integraci\u00f3n de los ODS en las empresas de transportes y movilidad sostenible, uno de los sectores de peso en emisiones de gases de efecto invernadero.\" \/>\n<meta property=\"og:url\" content=\"https:\/\/old.smartislandcluster.org\/reexin\/recurso\/el-sector-transportes-y-movilidad-sostenible-innovacion-para-lograr-la-agenda-2030\/\" \/>\n<meta property=\"og:site_name\" content=\"REEXIN\" \/>\n<meta property=\"article:modified_time\" content=\"2022-12-12T12:00:51+00:00\" \/>\n<meta name=\"twitter:card\" content=\"summary_large_image\" \/>\n<script type=\"application\/ld+json\" class=\"yoast-schema-graph\">{\"@context\":\"https:\/\/schema.org\",\"@graph\":[{\"@type\":\"WebPage\",\"@id\":\"https:\/\/old.smartislandcluster.org\/reexin\/recurso\/el-sector-transportes-y-movilidad-sostenible-innovacion-para-lograr-la-agenda-2030\/\",\"url\":\"https:\/\/old.smartislandcluster.org\/reexin\/recurso\/el-sector-transportes-y-movilidad-sostenible-innovacion-para-lograr-la-agenda-2030\/\",\"name\":\"El sector transportes y movilidad sostenible. Innovaci\u00f3n para lograr la Agenda 2030 &gt; REEXIN\",\"isPartOf\":{\"@id\":\"https:\/\/old.smartislandcluster.org\/reexin\/#website\"},\"datePublished\":\"2022-12-12T12:00:50+00:00\",\"dateModified\":\"2022-12-12T12:00:51+00:00\",\"description\":\"Integraci\u00f3n de los ODS en las empresas de transportes y movilidad sostenible, uno de los sectores de peso en emisiones de gases de efecto invernadero.\",\"breadcrumb\":{\"@id\":\"https:\/\/old.smartislandcluster.org\/reexin\/recurso\/el-sector-transportes-y-movilidad-sostenible-innovacion-para-lograr-la-agenda-2030\/#breadcrumb\"},\"inLanguage\":\"es\",\"potentialAction\":[{\"@type\":\"ReadAction\",\"target\":[\"https:\/\/old.smartislandcluster.org\/reexin\/recurso\/el-sector-transportes-y-movilidad-sostenible-innovacion-para-lograr-la-agenda-2030\/\"]}]},{\"@type\":\"BreadcrumbList\",\"@id\":\"https:\/\/old.smartislandcluster.org\/reexin\/recurso\/el-sector-transportes-y-movilidad-sostenible-innovacion-para-lograr-la-agenda-2030\/#breadcrumb\",\"itemListElement\":[{\"@type\":\"ListItem\",\"position\":1,\"name\":\"Portada\",\"item\":\"https:\/\/old.smartislandcluster.org\/reexin\/\"},{\"@type\":\"ListItem\",\"position\":2,\"name\":\"El sector transportes y movilidad sostenible. Innovaci\u00f3n para lograr la Agenda 2030\"}]},{\"@type\":\"WebSite\",\"@id\":\"https:\/\/old.smartislandcluster.org\/reexin\/#website\",\"url\":\"https:\/\/old.smartislandcluster.org\/reexin\/\",\"name\":\"REEXIN\",\"description\":\"Portal de referencia de Recursos de Expansi\u00f3n Internacional\",\"potentialAction\":[{\"@type\":\"SearchAction\",\"target\":{\"@type\":\"EntryPoint\",\"urlTemplate\":\"https:\/\/old.smartislandcluster.org\/reexin\/?s={search_term_string}\"},\"query-input\":\"required name=search_term_string\"}],\"inLanguage\":\"es\"}]}<\/script>\n<!-- \/ Yoast SEO plugin. -->","yoast_head_json":{"title":"El sector transportes y movilidad sostenible. Innovaci\u00f3n para lograr la Agenda 2030 &gt; REEXIN","description":"Integraci\u00f3n de los ODS en las empresas de transportes y movilidad sostenible, uno de los sectores de peso en emisiones de gases de efecto invernadero.","robots":{"index":"index","follow":"follow","max-snippet":"max-snippet:-1","max-image-preview":"max-image-preview:large","max-video-preview":"max-video-preview:-1"},"canonical":"https:\/\/old.smartislandcluster.org\/reexin\/recurso\/el-sector-transportes-y-movilidad-sostenible-innovacion-para-lograr-la-agenda-2030\/","og_locale":"es_ES","og_type":"article","og_title":"El sector transportes y movilidad sostenible. Innovaci\u00f3n para lograr la Agenda 2030 &gt; REEXIN","og_description":"Integraci\u00f3n de los ODS en las empresas de transportes y movilidad sostenible, uno de los sectores de peso en emisiones de gases de efecto invernadero.","og_url":"https:\/\/old.smartislandcluster.org\/reexin\/recurso\/el-sector-transportes-y-movilidad-sostenible-innovacion-para-lograr-la-agenda-2030\/","og_site_name":"REEXIN","article_modified_time":"2022-12-12T12:00:51+00:00","twitter_card":"summary_large_image","schema":{"@context":"https:\/\/schema.org","@graph":[{"@type":"WebPage","@id":"https:\/\/old.smartislandcluster.org\/reexin\/recurso\/el-sector-transportes-y-movilidad-sostenible-innovacion-para-lograr-la-agenda-2030\/","url":"https:\/\/old.smartislandcluster.org\/reexin\/recurso\/el-sector-transportes-y-movilidad-sostenible-innovacion-para-lograr-la-agenda-2030\/","name":"El sector transportes y movilidad sostenible. Innovaci\u00f3n para lograr la Agenda 2030 &gt; REEXIN","isPartOf":{"@id":"https:\/\/old.smartislandcluster.org\/reexin\/#website"},"datePublished":"2022-12-12T12:00:50+00:00","dateModified":"2022-12-12T12:00:51+00:00","description":"Integraci\u00f3n de los ODS en las empresas de transportes y movilidad sostenible, uno de los sectores de peso en emisiones de gases de efecto invernadero.","breadcrumb":{"@id":"https:\/\/old.smartislandcluster.org\/reexin\/recurso\/el-sector-transportes-y-movilidad-sostenible-innovacion-para-lograr-la-agenda-2030\/#breadcrumb"},"inLanguage":"es","potentialAction":[{"@type":"ReadAction","target":["https:\/\/old.smartislandcluster.org\/reexin\/recurso\/el-sector-transportes-y-movilidad-sostenible-innovacion-para-lograr-la-agenda-2030\/"]}]},{"@type":"BreadcrumbList","@id":"https:\/\/old.smartislandcluster.org\/reexin\/recurso\/el-sector-transportes-y-movilidad-sostenible-innovacion-para-lograr-la-agenda-2030\/#breadcrumb","itemListElement":[{"@type":"ListItem","position":1,"name":"Portada","item":"https:\/\/old.smartislandcluster.org\/reexin\/"},{"@type":"ListItem","position":2,"name":"El sector transportes y movilidad sostenible. Innovaci\u00f3n para lograr la Agenda 2030"}]},{"@type":"WebSite","@id":"https:\/\/old.smartislandcluster.org\/reexin\/#website","url":"https:\/\/old.smartislandcluster.org\/reexin\/","name":"REEXIN","description":"Portal de referencia de Recursos de Expansi\u00f3n Internacional","potentialAction":[{"@type":"SearchAction","target":{"@type":"EntryPoint","urlTemplate":"https:\/\/old.smartislandcluster.org\/reexin\/?s={search_term_string}"},"query-input":"required name=search_term_string"}],"inLanguage":"es"}]}},"_links":{"self":[{"href":"https:\/\/old.smartislandcluster.org\/reexin\/wp-json\/wp\/v2\/product\/653","targetHints":{"allow":["GET"]}}],"collection":[{"href":"https:\/\/old.smartislandcluster.org\/reexin\/wp-json\/wp\/v2\/product"}],"about":[{"href":"https:\/\/old.smartislandcluster.org\/reexin\/wp-json\/wp\/v2\/types\/product"}],"wp:attachment":[{"href":"https:\/\/old.smartislandcluster.org\/reexin\/wp-json\/wp\/v2\/media?parent=653"}],"wp:term":[{"taxonomy":"product_cat","embeddable":true,"href":"https:\/\/old.smartislandcluster.org\/reexin\/wp-json\/wp\/v2\/product_cat?post=653"},{"taxonomy":"product_tag","embeddable":true,"href":"https:\/\/old.smartislandcluster.org\/reexin\/wp-json\/wp\/v2\/product_tag?post=653"}],"curies":[{"name":"wp","href":"https:\/\/api.w.org\/{rel}","templated":true}]}}