{"id":462,"date":"2021-11-30T19:30:06","date_gmt":"2021-11-30T19:30:06","guid":{"rendered":"https:\/\/old.smartislandcluster.org\/reexin\/?post_type=product&#038;p=462"},"modified":"2021-11-30T19:48:56","modified_gmt":"2021-11-30T19:48:56","slug":"guia-de-buenas-practicas-de-transformacion-digital","status":"publish","type":"product","link":"https:\/\/old.smartislandcluster.org\/reexin\/recurso\/guia-de-buenas-practicas-de-transformacion-digital\/","title":{"rendered":"Gu\u00eda de buenas pr\u00e1cticas de Transformaci\u00f3n Digital"},"content":{"rendered":"<p>La\u00a0<strong>Gu\u00eda de buenas pr\u00e1cticas de Transformaci\u00f3n Digital\u00a0<\/strong>es una recopilaci\u00f3n de 15 consejos imprescindibles para impulsar la digitalizaci\u00f3n en las organizaciones desde tres dimensiones clave para el \u00e9xito:\u00a0<strong>las personas, la tecnolog\u00eda y la sostenibilidad.<\/strong><\/p>\n","protected":false},"excerpt":{"rendered":"<p>La\u00a0Gu\u00eda de buenas pr\u00e1cticas de Transformaci\u00f3n Digital\u00a0es una recopilaci\u00f3n de 15 consejos imprescindibles para impulsar la digitalizaci\u00f3n en las organizaciones desde tres dimensiones clave para el \u00e9xito:\u00a0las personas, la tecnolog\u00eda y la sostenibilidad.<\/p>\n","protected":false},"featured_media":0,"template":"","meta":{"_genesis_hide_title":false,"_genesis_hide_breadcrumbs":false,"_genesis_hide_singular_image":false,"_genesis_hide_footer_widgets":false,"_genesis_custom_body_class":"","_genesis_custom_post_class":"","_genesis_layout":""},"product_cat":[31],"product_tag":[],"class_list":{"0":"post-462","1":"product","2":"type-product","3":"status-publish","5":"product_cat-guias","6":"entry"},"featured_image_urls":{"full":"","thumbnail":"","medium":"","medium_large":"","large":"","1536x1536":"","2048x2048":"","featured-page":"","woocommerce_thumbnail":"","woocommerce_single":"","woocommerce_gallery_thumbnail":""},"post_excerpt_stackable":"<p>La\u00a0Gu\u00eda de buenas pr\u00e1cticas de Transformaci\u00f3n Digital\u00a0es una recopilaci\u00f3n de 15 consejos imprescindibles para impulsar la digitalizaci\u00f3n en las organizaciones desde tres dimensiones clave para el \u00e9xito:\u00a0las personas, la tecnolog\u00eda y la sostenibilidad.<\/p>\n","category_list":"","author_info":{"name":"","url":""},"comments_num":"0 comentarios","featured_image_urls_v2":{"full":"","thumbnail":"","medium":"","medium_large":"","large":"","1536x1536":"","2048x2048":"","featured-page":"","woocommerce_thumbnail":"","woocommerce_single":"","woocommerce_gallery_thumbnail":""},"post_excerpt_stackable_v2":"<p>La\u00a0Gu\u00eda de buenas pr\u00e1cticas de Transformaci\u00f3n Digital\u00a0es una recopilaci\u00f3n de 15 consejos imprescindibles para impulsar la digitalizaci\u00f3n en las organizaciones desde tres dimensiones clave para el \u00e9xito:\u00a0las personas, la tecnolog\u00eda y la sostenibilidad.<\/p>\n","category_list_v2":"","author_info_v2":{"name":"","url":""},"comments_num_v2":"0 comentarios","yoast_head":"<!-- This site is optimized with the Yoast SEO plugin v19.11 - https:\/\/yoast.com\/wordpress\/plugins\/seo\/ -->\n<title>Gu\u00eda de buenas pr\u00e1cticas de Transformaci\u00f3n Digital &gt; REEXIN<\/title>\n<meta name=\"description\" content=\"La\u00a0Gu\u00eda de buenas pr\u00e1cticas de Transformaci\u00f3n Digital\u00a0es una recopilaci\u00f3n de 15 consejos impulsar la digitalizaci\u00f3n en las organizaciones.\" \/>\n<meta name=\"robots\" content=\"index, follow, max-snippet:-1, max-image-preview:large, max-video-preview:-1\" \/>\n<link rel=\"canonical\" href=\"https:\/\/old.smartislandcluster.org\/reexin\/recurso\/guia-de-buenas-practicas-de-transformacion-digital\/\" \/>\n<meta property=\"og:locale\" content=\"es_ES\" \/>\n<meta property=\"og:type\" content=\"article\" \/>\n<meta property=\"og:title\" content=\"Gu\u00eda de buenas pr\u00e1cticas de Transformaci\u00f3n Digital &gt; REEXIN\" \/>\n<meta property=\"og:description\" content=\"La\u00a0Gu\u00eda de buenas pr\u00e1cticas de Transformaci\u00f3n Digital\u00a0es una recopilaci\u00f3n de 15 consejos impulsar la digitalizaci\u00f3n en las organizaciones.\" \/>\n<meta property=\"og:url\" content=\"https:\/\/old.smartislandcluster.org\/reexin\/recurso\/guia-de-buenas-practicas-de-transformacion-digital\/\" \/>\n<meta property=\"og:site_name\" content=\"REEXIN\" \/>\n<meta property=\"article:modified_time\" content=\"2021-11-30T19:48:56+00:00\" \/>\n<meta name=\"twitter:card\" content=\"summary_large_image\" \/>\n<script type=\"application\/ld+json\" class=\"yoast-schema-graph\">{\"@context\":\"https:\/\/schema.org\",\"@graph\":[{\"@type\":\"WebPage\",\"@id\":\"https:\/\/old.smartislandcluster.org\/reexin\/recurso\/guia-de-buenas-practicas-de-transformacion-digital\/\",\"url\":\"https:\/\/old.smartislandcluster.org\/reexin\/recurso\/guia-de-buenas-practicas-de-transformacion-digital\/\",\"name\":\"Gu\u00eda de buenas pr\u00e1cticas de Transformaci\u00f3n Digital &gt; REEXIN\",\"isPartOf\":{\"@id\":\"https:\/\/old.smartislandcluster.org\/reexin\/#website\"},\"datePublished\":\"2021-11-30T19:30:06+00:00\",\"dateModified\":\"2021-11-30T19:48:56+00:00\",\"description\":\"La\u00a0Gu\u00eda de buenas pr\u00e1cticas de Transformaci\u00f3n Digital\u00a0es una recopilaci\u00f3n de 15 consejos impulsar la digitalizaci\u00f3n en las organizaciones.\",\"breadcrumb\":{\"@id\":\"https:\/\/old.smartislandcluster.org\/reexin\/recurso\/guia-de-buenas-practicas-de-transformacion-digital\/#breadcrumb\"},\"inLanguage\":\"es\",\"potentialAction\":[{\"@type\":\"ReadAction\",\"target\":[\"https:\/\/old.smartislandcluster.org\/reexin\/recurso\/guia-de-buenas-practicas-de-transformacion-digital\/\"]}]},{\"@type\":\"BreadcrumbList\",\"@id\":\"https:\/\/old.smartislandcluster.org\/reexin\/recurso\/guia-de-buenas-practicas-de-transformacion-digital\/#breadcrumb\",\"itemListElement\":[{\"@type\":\"ListItem\",\"position\":1,\"name\":\"Portada\",\"item\":\"https:\/\/old.smartislandcluster.org\/reexin\/\"},{\"@type\":\"ListItem\",\"position\":2,\"name\":\"Gu\u00eda de buenas pr\u00e1cticas de Transformaci\u00f3n Digital\"}]},{\"@type\":\"WebSite\",\"@id\":\"https:\/\/old.smartislandcluster.org\/reexin\/#website\",\"url\":\"https:\/\/old.smartislandcluster.org\/reexin\/\",\"name\":\"REEXIN\",\"description\":\"Portal de referencia de Recursos de Expansi\u00f3n Internacional\",\"potentialAction\":[{\"@type\":\"SearchAction\",\"target\":{\"@type\":\"EntryPoint\",\"urlTemplate\":\"https:\/\/old.smartislandcluster.org\/reexin\/?s={search_term_string}\"},\"query-input\":\"required name=search_term_string\"}],\"inLanguage\":\"es\"}]}<\/script>\n<!-- \/ Yoast SEO plugin. -->","yoast_head_json":{"title":"Gu\u00eda de buenas pr\u00e1cticas de Transformaci\u00f3n Digital &gt; REEXIN","description":"La\u00a0Gu\u00eda de buenas pr\u00e1cticas de Transformaci\u00f3n Digital\u00a0es una recopilaci\u00f3n de 15 consejos impulsar la digitalizaci\u00f3n en las organizaciones.","robots":{"index":"index","follow":"follow","max-snippet":"max-snippet:-1","max-image-preview":"max-image-preview:large","max-video-preview":"max-video-preview:-1"},"canonical":"https:\/\/old.smartislandcluster.org\/reexin\/recurso\/guia-de-buenas-practicas-de-transformacion-digital\/","og_locale":"es_ES","og_type":"article","og_title":"Gu\u00eda de buenas pr\u00e1cticas de Transformaci\u00f3n Digital &gt; REEXIN","og_description":"La\u00a0Gu\u00eda de buenas pr\u00e1cticas de Transformaci\u00f3n Digital\u00a0es una recopilaci\u00f3n de 15 consejos impulsar la digitalizaci\u00f3n en las organizaciones.","og_url":"https:\/\/old.smartislandcluster.org\/reexin\/recurso\/guia-de-buenas-practicas-de-transformacion-digital\/","og_site_name":"REEXIN","article_modified_time":"2021-11-30T19:48:56+00:00","twitter_card":"summary_large_image","schema":{"@context":"https:\/\/schema.org","@graph":[{"@type":"WebPage","@id":"https:\/\/old.smartislandcluster.org\/reexin\/recurso\/guia-de-buenas-practicas-de-transformacion-digital\/","url":"https:\/\/old.smartislandcluster.org\/reexin\/recurso\/guia-de-buenas-practicas-de-transformacion-digital\/","name":"Gu\u00eda de buenas pr\u00e1cticas de Transformaci\u00f3n Digital &gt; REEXIN","isPartOf":{"@id":"https:\/\/old.smartislandcluster.org\/reexin\/#website"},"datePublished":"2021-11-30T19:30:06+00:00","dateModified":"2021-11-30T19:48:56+00:00","description":"La\u00a0Gu\u00eda de buenas pr\u00e1cticas de Transformaci\u00f3n Digital\u00a0es una recopilaci\u00f3n de 15 consejos impulsar la digitalizaci\u00f3n en las organizaciones.","breadcrumb":{"@id":"https:\/\/old.smartislandcluster.org\/reexin\/recurso\/guia-de-buenas-practicas-de-transformacion-digital\/#breadcrumb"},"inLanguage":"es","potentialAction":[{"@type":"ReadAction","target":["https:\/\/old.smartislandcluster.org\/reexin\/recurso\/guia-de-buenas-practicas-de-transformacion-digital\/"]}]},{"@type":"BreadcrumbList","@id":"https:\/\/old.smartislandcluster.org\/reexin\/recurso\/guia-de-buenas-practicas-de-transformacion-digital\/#breadcrumb","itemListElement":[{"@type":"ListItem","position":1,"name":"Portada","item":"https:\/\/old.smartislandcluster.org\/reexin\/"},{"@type":"ListItem","position":2,"name":"Gu\u00eda de buenas pr\u00e1cticas de Transformaci\u00f3n Digital"}]},{"@type":"WebSite","@id":"https:\/\/old.smartislandcluster.org\/reexin\/#website","url":"https:\/\/old.smartislandcluster.org\/reexin\/","name":"REEXIN","description":"Portal de referencia de Recursos de Expansi\u00f3n Internacional","potentialAction":[{"@type":"SearchAction","target":{"@type":"EntryPoint","urlTemplate":"https:\/\/old.smartislandcluster.org\/reexin\/?s={search_term_string}"},"query-input":"required name=search_term_string"}],"inLanguage":"es"}]}},"_links":{"self":[{"href":"https:\/\/old.smartislandcluster.org\/reexin\/wp-json\/wp\/v2\/product\/462","targetHints":{"allow":["GET"]}}],"collection":[{"href":"https:\/\/old.smartislandcluster.org\/reexin\/wp-json\/wp\/v2\/product"}],"about":[{"href":"https:\/\/old.smartislandcluster.org\/reexin\/wp-json\/wp\/v2\/types\/product"}],"wp:attachment":[{"href":"https:\/\/old.smartislandcluster.org\/reexin\/wp-json\/wp\/v2\/media?parent=462"}],"wp:term":[{"taxonomy":"product_cat","embeddable":true,"href":"https:\/\/old.smartislandcluster.org\/reexin\/wp-json\/wp\/v2\/product_cat?post=462"},{"taxonomy":"product_tag","embeddable":true,"href":"https:\/\/old.smartislandcluster.org\/reexin\/wp-json\/wp\/v2\/product_tag?post=462"}],"curies":[{"name":"wp","href":"https:\/\/api.w.org\/{rel}","templated":true}]}}