{"id":433,"date":"2021-07-23T10:03:49","date_gmt":"2021-07-23T10:03:49","guid":{"rendered":"https:\/\/old.smartislandcluster.org\/reexin\/?post_type=product&#038;p=433"},"modified":"2021-07-23T10:03:49","modified_gmt":"2021-07-23T10:03:49","slug":"el-comercio-internacional-de-servicios","status":"publish","type":"product","link":"https:\/\/old.smartislandcluster.org\/reexin\/recurso\/el-comercio-internacional-de-servicios\/","title":{"rendered":"El comercio internacional de servicios"},"content":{"rendered":"<p>La literatura e investigaciones sobre el comercio exterior de servicios no son abundantes en relaci\u00f3n con el comercio de mercanc\u00edas. Las razones pueden encontrarse en las dificultades inherentes a las transacciones internacionales de bienes intangibles frente a los tangibles y en la protecci\u00f3n que los sectores terciarios reciben de los Estados. Esto provoca que en el total de intercambios mundiales, los de servicios representen un porcentaje muy inferior a los de mercanc\u00edas. Pero esta situaci\u00f3n est\u00e1 cambiando radicalmente en los \u00faltimos a\u00f1os gracias a las nuevas tecnolog\u00edas de la informaci\u00f3n y comunicaci\u00f3n. La presente publicaci\u00f3n describe esta tendencia y recoge los aspectos que una empresa de servicios debe contemplar y sobre los que decidir para incorporarse con posibilidades de \u00e9xito a esta tendencia.<\/p>\n","protected":false},"excerpt":{"rendered":"<p>La literatura e investigaciones sobre el comercio exterior de servicios no son abundantes en relaci\u00f3n con el comercio de mercanc\u00edas. Las razones pueden encontrarse en las dificultades inherentes a las transacciones internacionales de bienes intangibles frente a los tangibles y en la protecci\u00f3n que los sectores terciarios reciben de los Estados. Esto provoca que en [&hellip;]<\/p>\n","protected":false},"featured_media":0,"template":"","meta":{"_genesis_hide_title":false,"_genesis_hide_breadcrumbs":false,"_genesis_hide_singular_image":false,"_genesis_hide_footer_widgets":false,"_genesis_custom_body_class":"","_genesis_custom_post_class":"","_genesis_layout":""},"product_cat":[56],"product_tag":[],"class_list":{"0":"post-433","1":"product","2":"type-product","3":"status-publish","5":"product_cat-publicaciones","6":"entry"},"featured_image_urls":{"full":"","thumbnail":"","medium":"","medium_large":"","large":"","1536x1536":"","2048x2048":"","featured-page":"","woocommerce_thumbnail":"","woocommerce_single":"","woocommerce_gallery_thumbnail":""},"post_excerpt_stackable":"<p>La literatura e investigaciones sobre el comercio exterior de servicios no son abundantes en relaci\u00f3n con el comercio de mercanc\u00edas. Las razones pueden encontrarse en las dificultades inherentes a las transacciones internacionales de bienes intangibles frente a los tangibles y en la protecci\u00f3n que los sectores terciarios reciben de los Estados. Esto provoca que en el total de intercambios mundiales, los de servicios representen un porcentaje muy inferior a los de mercanc\u00edas. Pero esta situaci\u00f3n est\u00e1 cambiando radicalmente en los \u00faltimos a\u00f1os gracias a las nuevas tecnolog\u00edas de la informaci\u00f3n y comunicaci\u00f3n. La presente publicaci\u00f3n describe esta tendencia y recoge&hellip;<\/p>\n","category_list":"","author_info":{"name":"","url":""},"comments_num":"0 comentarios","featured_image_urls_v2":{"full":"","thumbnail":"","medium":"","medium_large":"","large":"","1536x1536":"","2048x2048":"","featured-page":"","woocommerce_thumbnail":"","woocommerce_single":"","woocommerce_gallery_thumbnail":""},"post_excerpt_stackable_v2":"<p>La literatura e investigaciones sobre el comercio exterior de servicios no son abundantes en relaci\u00f3n con el comercio de mercanc\u00edas. Las razones pueden encontrarse en las dificultades inherentes a las transacciones internacionales de bienes intangibles frente a los tangibles y en la protecci\u00f3n que los sectores terciarios reciben de los Estados. Esto provoca que en el total de intercambios mundiales, los de servicios representen un porcentaje muy inferior a los de mercanc\u00edas. Pero esta situaci\u00f3n est\u00e1 cambiando radicalmente en los \u00faltimos a\u00f1os gracias a las nuevas tecnolog\u00edas de la informaci\u00f3n y comunicaci\u00f3n. La presente publicaci\u00f3n describe esta tendencia y recoge&hellip;<\/p>\n","category_list_v2":"","author_info_v2":{"name":"","url":""},"comments_num_v2":"0 comentarios","yoast_head":"<!-- This site is optimized with the Yoast SEO plugin v19.11 - https:\/\/yoast.com\/wordpress\/plugins\/seo\/ -->\n<title>El comercio internacional de servicios &gt; REEXIN<\/title>\n<meta name=\"robots\" content=\"index, follow, max-snippet:-1, max-image-preview:large, max-video-preview:-1\" \/>\n<link rel=\"canonical\" href=\"https:\/\/old.smartislandcluster.org\/reexin\/recurso\/el-comercio-internacional-de-servicios\/\" \/>\n<meta property=\"og:locale\" content=\"es_ES\" \/>\n<meta property=\"og:type\" content=\"article\" \/>\n<meta property=\"og:title\" content=\"El comercio internacional de servicios &gt; REEXIN\" \/>\n<meta property=\"og:description\" content=\"La literatura e investigaciones sobre el comercio exterior de servicios no son abundantes en relaci\u00f3n con el comercio de mercanc\u00edas. Las razones pueden encontrarse en las dificultades inherentes a las transacciones internacionales de bienes intangibles frente a los tangibles y en la protecci\u00f3n que los sectores terciarios reciben de los Estados. Esto provoca que en [&hellip;]\" \/>\n<meta property=\"og:url\" content=\"https:\/\/old.smartislandcluster.org\/reexin\/recurso\/el-comercio-internacional-de-servicios\/\" \/>\n<meta property=\"og:site_name\" content=\"REEXIN\" \/>\n<meta name=\"twitter:card\" content=\"summary_large_image\" \/>\n<script type=\"application\/ld+json\" class=\"yoast-schema-graph\">{\"@context\":\"https:\/\/schema.org\",\"@graph\":[{\"@type\":\"WebPage\",\"@id\":\"https:\/\/old.smartislandcluster.org\/reexin\/recurso\/el-comercio-internacional-de-servicios\/\",\"url\":\"https:\/\/old.smartislandcluster.org\/reexin\/recurso\/el-comercio-internacional-de-servicios\/\",\"name\":\"El comercio internacional de servicios &gt; REEXIN\",\"isPartOf\":{\"@id\":\"https:\/\/old.smartislandcluster.org\/reexin\/#website\"},\"datePublished\":\"2021-07-23T10:03:49+00:00\",\"dateModified\":\"2021-07-23T10:03:49+00:00\",\"breadcrumb\":{\"@id\":\"https:\/\/old.smartislandcluster.org\/reexin\/recurso\/el-comercio-internacional-de-servicios\/#breadcrumb\"},\"inLanguage\":\"es\",\"potentialAction\":[{\"@type\":\"ReadAction\",\"target\":[\"https:\/\/old.smartislandcluster.org\/reexin\/recurso\/el-comercio-internacional-de-servicios\/\"]}]},{\"@type\":\"BreadcrumbList\",\"@id\":\"https:\/\/old.smartislandcluster.org\/reexin\/recurso\/el-comercio-internacional-de-servicios\/#breadcrumb\",\"itemListElement\":[{\"@type\":\"ListItem\",\"position\":1,\"name\":\"Portada\",\"item\":\"https:\/\/old.smartislandcluster.org\/reexin\/\"},{\"@type\":\"ListItem\",\"position\":2,\"name\":\"El comercio internacional de servicios\"}]},{\"@type\":\"WebSite\",\"@id\":\"https:\/\/old.smartislandcluster.org\/reexin\/#website\",\"url\":\"https:\/\/old.smartislandcluster.org\/reexin\/\",\"name\":\"REEXIN\",\"description\":\"Portal de referencia de Recursos de Expansi\u00f3n Internacional\",\"potentialAction\":[{\"@type\":\"SearchAction\",\"target\":{\"@type\":\"EntryPoint\",\"urlTemplate\":\"https:\/\/old.smartislandcluster.org\/reexin\/?s={search_term_string}\"},\"query-input\":\"required name=search_term_string\"}],\"inLanguage\":\"es\"}]}<\/script>\n<!-- \/ Yoast SEO plugin. -->","yoast_head_json":{"title":"El comercio internacional de servicios &gt; REEXIN","robots":{"index":"index","follow":"follow","max-snippet":"max-snippet:-1","max-image-preview":"max-image-preview:large","max-video-preview":"max-video-preview:-1"},"canonical":"https:\/\/old.smartislandcluster.org\/reexin\/recurso\/el-comercio-internacional-de-servicios\/","og_locale":"es_ES","og_type":"article","og_title":"El comercio internacional de servicios &gt; REEXIN","og_description":"La literatura e investigaciones sobre el comercio exterior de servicios no son abundantes en relaci\u00f3n con el comercio de mercanc\u00edas. Las razones pueden encontrarse en las dificultades inherentes a las transacciones internacionales de bienes intangibles frente a los tangibles y en la protecci\u00f3n que los sectores terciarios reciben de los Estados. Esto provoca que en [&hellip;]","og_url":"https:\/\/old.smartislandcluster.org\/reexin\/recurso\/el-comercio-internacional-de-servicios\/","og_site_name":"REEXIN","twitter_card":"summary_large_image","schema":{"@context":"https:\/\/schema.org","@graph":[{"@type":"WebPage","@id":"https:\/\/old.smartislandcluster.org\/reexin\/recurso\/el-comercio-internacional-de-servicios\/","url":"https:\/\/old.smartislandcluster.org\/reexin\/recurso\/el-comercio-internacional-de-servicios\/","name":"El comercio internacional de servicios &gt; REEXIN","isPartOf":{"@id":"https:\/\/old.smartislandcluster.org\/reexin\/#website"},"datePublished":"2021-07-23T10:03:49+00:00","dateModified":"2021-07-23T10:03:49+00:00","breadcrumb":{"@id":"https:\/\/old.smartislandcluster.org\/reexin\/recurso\/el-comercio-internacional-de-servicios\/#breadcrumb"},"inLanguage":"es","potentialAction":[{"@type":"ReadAction","target":["https:\/\/old.smartislandcluster.org\/reexin\/recurso\/el-comercio-internacional-de-servicios\/"]}]},{"@type":"BreadcrumbList","@id":"https:\/\/old.smartislandcluster.org\/reexin\/recurso\/el-comercio-internacional-de-servicios\/#breadcrumb","itemListElement":[{"@type":"ListItem","position":1,"name":"Portada","item":"https:\/\/old.smartislandcluster.org\/reexin\/"},{"@type":"ListItem","position":2,"name":"El comercio internacional de servicios"}]},{"@type":"WebSite","@id":"https:\/\/old.smartislandcluster.org\/reexin\/#website","url":"https:\/\/old.smartislandcluster.org\/reexin\/","name":"REEXIN","description":"Portal de referencia de Recursos de Expansi\u00f3n Internacional","potentialAction":[{"@type":"SearchAction","target":{"@type":"EntryPoint","urlTemplate":"https:\/\/old.smartislandcluster.org\/reexin\/?s={search_term_string}"},"query-input":"required name=search_term_string"}],"inLanguage":"es"}]}},"_links":{"self":[{"href":"https:\/\/old.smartislandcluster.org\/reexin\/wp-json\/wp\/v2\/product\/433","targetHints":{"allow":["GET"]}}],"collection":[{"href":"https:\/\/old.smartislandcluster.org\/reexin\/wp-json\/wp\/v2\/product"}],"about":[{"href":"https:\/\/old.smartislandcluster.org\/reexin\/wp-json\/wp\/v2\/types\/product"}],"wp:attachment":[{"href":"https:\/\/old.smartislandcluster.org\/reexin\/wp-json\/wp\/v2\/media?parent=433"}],"wp:term":[{"taxonomy":"product_cat","embeddable":true,"href":"https:\/\/old.smartislandcluster.org\/reexin\/wp-json\/wp\/v2\/product_cat?post=433"},{"taxonomy":"product_tag","embeddable":true,"href":"https:\/\/old.smartislandcluster.org\/reexin\/wp-json\/wp\/v2\/product_tag?post=433"}],"curies":[{"name":"wp","href":"https:\/\/api.w.org\/{rel}","templated":true}]}}