{"id":387,"date":"2021-10-20T10:45:18","date_gmt":"2021-10-20T10:45:18","guid":{"rendered":"https:\/\/old.smartislandcluster.org\/reexin\/?post_type=product&#038;p=387"},"modified":"2021-10-21T08:46:55","modified_gmt":"2021-10-21T08:46:55","slug":"informe-estrategico-sobre-el-sector-audiovisual-de-canarias","status":"publish","type":"product","link":"https:\/\/old.smartislandcluster.org\/reexin\/recurso\/informe-estrategico-sobre-el-sector-audiovisual-de-canarias\/","title":{"rendered":"Informe Estrat\u00e9gico sobre el Sector Audiovisual de Canarias"},"content":{"rendered":"<p>Canarias se ha consolidado como hub internacional en cine gracias a nuestros excepcionales incentivos fiscales, talento local y capacidad de innovaci\u00f3n, como los rodajes en streaming. La situaci\u00f3n actual del sector audiovisual se ha plasmado en un informe estrat\u00e9gico, los principales resultados y conclusiones sobre el estado de la industria audiovisual de Canarias, analizando el r\u00e9gimen fiscal, tendencias del mercado, as\u00ed como las estrategias y oportunidades que existen actualmente.<\/p>\n<p>&nbsp;<\/p>\n","protected":false},"excerpt":{"rendered":"<p>Canarias se ha consolidado como hub internacional en cine gracias a nuestros excepcionales incentivos fiscales, talento local y capacidad de innovaci\u00f3n, como los rodajes en streaming. La situaci\u00f3n actual del sector audiovisual se ha plasmado en un informe estrat\u00e9gico, los principales resultados y conclusiones sobre el estado de la industria audiovisual de Canarias, analizando el [&hellip;]<\/p>\n","protected":false},"featured_media":0,"template":"","meta":{"_genesis_hide_title":false,"_genesis_hide_breadcrumbs":false,"_genesis_hide_singular_image":false,"_genesis_hide_footer_widgets":false,"_genesis_custom_body_class":"","_genesis_custom_post_class":"","_genesis_layout":""},"product_cat":[30],"product_tag":[],"class_list":{"0":"post-387","1":"product","2":"type-product","3":"status-publish","5":"product_cat-informacion-de-sectores","6":"entry"},"featured_image_urls":{"full":"","thumbnail":"","medium":"","medium_large":"","large":"","1536x1536":"","2048x2048":"","featured-page":"","woocommerce_thumbnail":"","woocommerce_single":"","woocommerce_gallery_thumbnail":""},"post_excerpt_stackable":"<p>Canarias se ha consolidado como hub internacional en cine gracias a nuestros excepcionales incentivos fiscales, talento local y capacidad de innovaci\u00f3n, como los rodajes en streaming. La situaci\u00f3n actual del sector audiovisual se ha plasmado en un informe estrat\u00e9gico, los principales resultados y conclusiones sobre el estado de la industria audiovisual de Canarias, analizando el r\u00e9gimen fiscal, tendencias del mercado, as\u00ed como las estrategias y oportunidades que existen actualmente. &nbsp;<\/p>\n","category_list":"","author_info":{"name":"","url":""},"comments_num":"0 comentarios","featured_image_urls_v2":{"full":"","thumbnail":"","medium":"","medium_large":"","large":"","1536x1536":"","2048x2048":"","featured-page":"","woocommerce_thumbnail":"","woocommerce_single":"","woocommerce_gallery_thumbnail":""},"post_excerpt_stackable_v2":"<p>Canarias se ha consolidado como hub internacional en cine gracias a nuestros excepcionales incentivos fiscales, talento local y capacidad de innovaci\u00f3n, como los rodajes en streaming. La situaci\u00f3n actual del sector audiovisual se ha plasmado en un informe estrat\u00e9gico, los principales resultados y conclusiones sobre el estado de la industria audiovisual de Canarias, analizando el r\u00e9gimen fiscal, tendencias del mercado, as\u00ed como las estrategias y oportunidades que existen actualmente. &nbsp;<\/p>\n","category_list_v2":"","author_info_v2":{"name":"","url":""},"comments_num_v2":"0 comentarios","yoast_head":"<!-- This site is optimized with the Yoast SEO plugin v19.11 - https:\/\/yoast.com\/wordpress\/plugins\/seo\/ -->\n<title>Informe Estrat\u00e9gico sobre el Sector Audiovisual de Canarias &gt; REEXIN<\/title>\n<meta name=\"robots\" content=\"index, follow, max-snippet:-1, max-image-preview:large, max-video-preview:-1\" \/>\n<link rel=\"canonical\" href=\"https:\/\/old.smartislandcluster.org\/reexin\/recurso\/informe-estrategico-sobre-el-sector-audiovisual-de-canarias\/\" \/>\n<meta property=\"og:locale\" content=\"es_ES\" \/>\n<meta property=\"og:type\" content=\"article\" \/>\n<meta property=\"og:title\" content=\"Informe Estrat\u00e9gico sobre el Sector Audiovisual de Canarias &gt; REEXIN\" \/>\n<meta property=\"og:description\" content=\"Canarias se ha consolidado como hub internacional en cine gracias a nuestros excepcionales incentivos fiscales, talento local y capacidad de innovaci\u00f3n, como los rodajes en streaming. La situaci\u00f3n actual del sector audiovisual se ha plasmado en un informe estrat\u00e9gico, los principales resultados y conclusiones sobre el estado de la industria audiovisual de Canarias, analizando el [&hellip;]\" \/>\n<meta property=\"og:url\" content=\"https:\/\/old.smartislandcluster.org\/reexin\/recurso\/informe-estrategico-sobre-el-sector-audiovisual-de-canarias\/\" \/>\n<meta property=\"og:site_name\" content=\"REEXIN\" \/>\n<meta property=\"article:modified_time\" content=\"2021-10-21T08:46:55+00:00\" \/>\n<meta name=\"twitter:card\" content=\"summary_large_image\" \/>\n<script type=\"application\/ld+json\" class=\"yoast-schema-graph\">{\"@context\":\"https:\/\/schema.org\",\"@graph\":[{\"@type\":\"WebPage\",\"@id\":\"https:\/\/old.smartislandcluster.org\/reexin\/recurso\/informe-estrategico-sobre-el-sector-audiovisual-de-canarias\/\",\"url\":\"https:\/\/old.smartislandcluster.org\/reexin\/recurso\/informe-estrategico-sobre-el-sector-audiovisual-de-canarias\/\",\"name\":\"Informe Estrat\u00e9gico sobre el Sector Audiovisual de Canarias &gt; REEXIN\",\"isPartOf\":{\"@id\":\"https:\/\/old.smartislandcluster.org\/reexin\/#website\"},\"datePublished\":\"2021-10-20T10:45:18+00:00\",\"dateModified\":\"2021-10-21T08:46:55+00:00\",\"breadcrumb\":{\"@id\":\"https:\/\/old.smartislandcluster.org\/reexin\/recurso\/informe-estrategico-sobre-el-sector-audiovisual-de-canarias\/#breadcrumb\"},\"inLanguage\":\"es\",\"potentialAction\":[{\"@type\":\"ReadAction\",\"target\":[\"https:\/\/old.smartislandcluster.org\/reexin\/recurso\/informe-estrategico-sobre-el-sector-audiovisual-de-canarias\/\"]}]},{\"@type\":\"BreadcrumbList\",\"@id\":\"https:\/\/old.smartislandcluster.org\/reexin\/recurso\/informe-estrategico-sobre-el-sector-audiovisual-de-canarias\/#breadcrumb\",\"itemListElement\":[{\"@type\":\"ListItem\",\"position\":1,\"name\":\"Portada\",\"item\":\"https:\/\/old.smartislandcluster.org\/reexin\/\"},{\"@type\":\"ListItem\",\"position\":2,\"name\":\"Informe Estrat\u00e9gico sobre el Sector Audiovisual de Canarias\"}]},{\"@type\":\"WebSite\",\"@id\":\"https:\/\/old.smartislandcluster.org\/reexin\/#website\",\"url\":\"https:\/\/old.smartislandcluster.org\/reexin\/\",\"name\":\"REEXIN\",\"description\":\"Portal de referencia de Recursos de Expansi\u00f3n Internacional\",\"potentialAction\":[{\"@type\":\"SearchAction\",\"target\":{\"@type\":\"EntryPoint\",\"urlTemplate\":\"https:\/\/old.smartislandcluster.org\/reexin\/?s={search_term_string}\"},\"query-input\":\"required name=search_term_string\"}],\"inLanguage\":\"es\"}]}<\/script>\n<!-- \/ Yoast SEO plugin. -->","yoast_head_json":{"title":"Informe Estrat\u00e9gico sobre el Sector Audiovisual de Canarias &gt; REEXIN","robots":{"index":"index","follow":"follow","max-snippet":"max-snippet:-1","max-image-preview":"max-image-preview:large","max-video-preview":"max-video-preview:-1"},"canonical":"https:\/\/old.smartislandcluster.org\/reexin\/recurso\/informe-estrategico-sobre-el-sector-audiovisual-de-canarias\/","og_locale":"es_ES","og_type":"article","og_title":"Informe Estrat\u00e9gico sobre el Sector Audiovisual de Canarias &gt; REEXIN","og_description":"Canarias se ha consolidado como hub internacional en cine gracias a nuestros excepcionales incentivos fiscales, talento local y capacidad de innovaci\u00f3n, como los rodajes en streaming. La situaci\u00f3n actual del sector audiovisual se ha plasmado en un informe estrat\u00e9gico, los principales resultados y conclusiones sobre el estado de la industria audiovisual de Canarias, analizando el [&hellip;]","og_url":"https:\/\/old.smartislandcluster.org\/reexin\/recurso\/informe-estrategico-sobre-el-sector-audiovisual-de-canarias\/","og_site_name":"REEXIN","article_modified_time":"2021-10-21T08:46:55+00:00","twitter_card":"summary_large_image","schema":{"@context":"https:\/\/schema.org","@graph":[{"@type":"WebPage","@id":"https:\/\/old.smartislandcluster.org\/reexin\/recurso\/informe-estrategico-sobre-el-sector-audiovisual-de-canarias\/","url":"https:\/\/old.smartislandcluster.org\/reexin\/recurso\/informe-estrategico-sobre-el-sector-audiovisual-de-canarias\/","name":"Informe Estrat\u00e9gico sobre el Sector Audiovisual de Canarias &gt; REEXIN","isPartOf":{"@id":"https:\/\/old.smartislandcluster.org\/reexin\/#website"},"datePublished":"2021-10-20T10:45:18+00:00","dateModified":"2021-10-21T08:46:55+00:00","breadcrumb":{"@id":"https:\/\/old.smartislandcluster.org\/reexin\/recurso\/informe-estrategico-sobre-el-sector-audiovisual-de-canarias\/#breadcrumb"},"inLanguage":"es","potentialAction":[{"@type":"ReadAction","target":["https:\/\/old.smartislandcluster.org\/reexin\/recurso\/informe-estrategico-sobre-el-sector-audiovisual-de-canarias\/"]}]},{"@type":"BreadcrumbList","@id":"https:\/\/old.smartislandcluster.org\/reexin\/recurso\/informe-estrategico-sobre-el-sector-audiovisual-de-canarias\/#breadcrumb","itemListElement":[{"@type":"ListItem","position":1,"name":"Portada","item":"https:\/\/old.smartislandcluster.org\/reexin\/"},{"@type":"ListItem","position":2,"name":"Informe Estrat\u00e9gico sobre el Sector Audiovisual de Canarias"}]},{"@type":"WebSite","@id":"https:\/\/old.smartislandcluster.org\/reexin\/#website","url":"https:\/\/old.smartislandcluster.org\/reexin\/","name":"REEXIN","description":"Portal de referencia de Recursos de Expansi\u00f3n Internacional","potentialAction":[{"@type":"SearchAction","target":{"@type":"EntryPoint","urlTemplate":"https:\/\/old.smartislandcluster.org\/reexin\/?s={search_term_string}"},"query-input":"required name=search_term_string"}],"inLanguage":"es"}]}},"_links":{"self":[{"href":"https:\/\/old.smartislandcluster.org\/reexin\/wp-json\/wp\/v2\/product\/387","targetHints":{"allow":["GET"]}}],"collection":[{"href":"https:\/\/old.smartislandcluster.org\/reexin\/wp-json\/wp\/v2\/product"}],"about":[{"href":"https:\/\/old.smartislandcluster.org\/reexin\/wp-json\/wp\/v2\/types\/product"}],"wp:attachment":[{"href":"https:\/\/old.smartislandcluster.org\/reexin\/wp-json\/wp\/v2\/media?parent=387"}],"wp:term":[{"taxonomy":"product_cat","embeddable":true,"href":"https:\/\/old.smartislandcluster.org\/reexin\/wp-json\/wp\/v2\/product_cat?post=387"},{"taxonomy":"product_tag","embeddable":true,"href":"https:\/\/old.smartislandcluster.org\/reexin\/wp-json\/wp\/v2\/product_tag?post=387"}],"curies":[{"name":"wp","href":"https:\/\/api.w.org\/{rel}","templated":true}]}}