{"id":33,"date":"2021-06-25T17:34:00","date_gmt":"2021-06-25T17:34:00","guid":{"rendered":"https:\/\/old.smartislandcluster.org\/reexin\/?page_id=33"},"modified":"2021-07-23T10:49:26","modified_gmt":"2021-07-23T10:49:26","slug":"acerca-de","status":"publish","type":"page","link":"https:\/\/old.smartislandcluster.org\/reexin\/acerca-de\/","title":{"rendered":"Acerca de"},"content":{"rendered":"\n<div class=\"alignfull wp-block-ugb-container ugb-container main-pages-header ugb-1c9bc74 ugb-container--v2 ugb-container--design-plain ugb-main-block ugb--has-custom-content-width ugb-main-block--inner-full ugb--has-block-background ugb--has-background-overlay\"><style>.ugb-1c9bc74.ugb-container{background-color:#ffffff;background-attachment:fixed;background-image:url(https:\/\/old.smartislandcluster.org\/reexin\/wp-content\/uploads\/sites\/8\/2021\/06\/Home-BG-yellow-20.png);background-position:center center}.ugb-1c9bc74.ugb-container > .ugb-inner-block{max-width:1200px !important}.ugb-1c9bc74.ugb-container:before{background-color:#ffffff;opacity:0}@media screen and (min-width:768px){.ugb-1c9bc74.ugb-container{margin-top:-85px !important;margin-bottom:0px !important;padding-top:2em !important;padding-right:2em !important;padding-bottom:2em !important;padding-left:2em !important}}@media screen and (min-width:768px) and (max-width:1025px){.ugb-1c9bc74.ugb-container{margin-top:-80px !important;padding-top:2em !important;padding-right:2em !important;padding-bottom:2em !important;padding-left:2em !important}}@media screen and (max-width:768px){.ugb-1c9bc74.ugb-container{margin-top:-80px !important;padding-top:2em !important;padding-right:2em !important;padding-bottom:2em !important;padding-left:2em !important}}<\/style><div class=\"ugb-inner-block ugb-inner-block--full\"><div class=\"ugb-block-content\"><div class=\"ugb-container__wrapper ugb-1c9bc74-wrapper\"><div class=\"ugb-container__side\"><div class=\"ugb-container__content-wrapper ugb-1c9bc74-content-wrapper\">\n<div class=\"aligncenter wp-block-ugb-container ugb-container ugb-566d76a ugb-container--v2 ugb-container--design-plain ugb-main-block ugb--has-custom-content-width\"><style>.ugb-566d76a-wrapper > .ugb-container__side{padding-top:35px !important;padding-bottom:35px !important}.ugb-566d76a-wrapper.ugb-container__wrapper{padding-top:0 !important;padding-bottom:0 !important}.ugb-566d76a.ugb-container > .ugb-inner-block{max-width:1200px !important}@media screen and (min-width:768px){.ugb-566d76a.ugb-container{margin-bottom:0px !important;padding-top:0px !important;padding-right:0px !important;padding-bottom:0px !important;padding-left:0px !important}}@media screen and (min-width:768px){.ugb-566d76a > .ugb-inner-block > .ugb-block-content > *{padding-top:0px !important;padding-bottom:0px !important;padding-right:0px !important;padding-left:0px !important}}<\/style><div class=\"ugb-inner-block\"><div class=\"ugb-block-content\"><div class=\"ugb-container__wrapper ugb-566d76a-wrapper\"><div class=\"ugb-container__side\"><div class=\"ugb-container__content-wrapper ugb-566d76a-content-wrapper\">\n<div class=\"alignfull wp-block-ugb-header ugb-header ugb-7e56b3d ugb-header ugb-header--v3 ugb-header--design-plain ugb-main-block ugb--has-custom-content-width ugb--has-custom-content-width-tablet\"><style>.ugb-7e56b3d .ugb-header__title{font-size:32px !important;font-weight:bold !important;text-align:left !important;margin-bottom:10px !important}.ugb-7e56b3d .ugb-header__subtitle{font-size:22px !important;margin-bottom:0px !important}.ugb-7e56b3d .ugb-inner-block{text-align:left}.ugb-7e56b3d.ugb-header > .ugb-inner-block{max-width:1200px !important}@media screen and (min-width:768px){.ugb-7e56b3d.ugb-header{margin-bottom:0px !important;padding-right:0px !important;padding-left:0px !important}}@media screen and (max-width:1025px){.ugb-7e56b3d.ugb-header > .ugb-inner-block{max-width:100% !important}}@media screen and (min-width:768px) and (max-width:1025px){.ugb-7e56b3d.ugb-header{padding-top:5% !important;padding-bottom:5% !important}}@media screen and (max-width:768px){.ugb-7e56b3d .ugb-header__subtitle{font-size:21px !important;margin-bottom:32px !important}.ugb-7e56b3d.ugb-header{margin-top:0px !important;margin-bottom:0px !important;padding-top:0px !important;padding-right:0px !important;padding-bottom:0px !important;padding-left:0px !important}}@media screen and (min-width:768px){.ugb-7e56b3d > .ugb-inner-block > .ugb-block-content > *{padding-top:0px !important;padding-bottom:0px !important;padding-right:0px !important;padding-left:0px !important}}<\/style><div class=\"ugb-inner-block\"><div class=\"ugb-block-content\"><div class=\"ugb-header__item\"><div class=\"ugb-content-wrapper\"><h1 class=\"ugb-header__title\">Acerca de REEXIN<\/h1><p class=\"ugb-header__subtitle\"><strong>REEXIN<\/strong> es el portal de referencia de <strong>RE<\/strong>cursos de <strong>EX<\/strong>pansi\u00f3n <strong>IN<\/strong>ternacional creado para facilitar todos los recursos necesarios para la internacionalizaci\u00f3n de las organizaciones, en un mismo lugar.<\/p><\/div><\/div><\/div><\/div><\/div>\n\n\n\n<div class=\"alignfull wp-block-ugb-icon ugb-icon ugb-19125e1 ugb-icon--v2 ugb-icon--design-basic ugb-main-block ugb--has-custom-content-width\"><style>.ugb-19125e1{justify-content:flex-start !important}.ugb-19125e1 .ugb-icon__icon .ugb-icon-inner-svg,.ugb-19125e1 .ugb-icon__icon .ugb-icon-inner-svg svg{width:36px !important;height:36px !important}.ugb-19125e1 .ugb-icon__icon .ugb-icon-inner-svg{color:#00acee !important}.ugb-19125e1 .ugb-icon__icon{margin-bottom:-20px !important}.ugb-19125e1 .ugb-inner-block{text-align:left}.ugb-19125e1.ugb-icon{justify-content:center}.ugb-19125e1.ugb-icon > .ugb-inner-block{max-width:1200px !important}@media screen and (min-width:768px){.ugb-19125e1.ugb-icon{margin-bottom:0px !important;padding-right:0px !important;padding-left:0px !important}}@media screen and (max-width:768px){.ugb-19125e1 .ugb-icon__icon{margin-bottom:0px !important}.ugb-19125e1.ugb-icon{margin-top:-185px !important;margin-bottom:0px !important;padding-top:0px !important;padding-right:36px !important;padding-bottom:0px !important;padding-left:36px !important}}.ugb-19125e1 .ugb-icon__icon .ugb-icon-inner-svg,.ugb-19125e1 .ugb-icon__icon .ugb-icon-inner-svg svg *{color:#00acee !important;fill:#00acee !important}@media screen and (min-width:768px){.ugb-19125e1 > .ugb-inner-block > .ugb-block-content > *{padding-top:0px !important;padding-bottom:0px !important;padding-right:0px !important;padding-left:0px !important}}@media screen and (max-width:768px){.ugb-19125e1 > .ugb-inner-block > .ugb-block-content > *{padding-top:0px !important;padding-right:0px !important;padding-bottom:0px !important;padding-left:0px !important}}<\/style><div class=\"ugb-inner-block\"><div class=\"ugb-block-content\"><div class=\"ugb-icon__content-wrapper\"><div class=\"ugb-icon__item ugb-icon__item1\"><a class=\"ugb-icon__icon\" href=\"#table\"><div class=\"ugb-icon-inner-svg\"><svg data-prefix=\"fas\" data-icon=\"chevron-down\" class=\"svg-inline--fa fa-chevron-down fa-w-14\" role=\"img\" xmlns=\"http:\/\/www.w3.org\/2000\/svg\" viewBox=\"0 0 448 512\"><path fill=\"currentColor\" d=\"M207.029 381.476L12.686 187.132c-9.373-9.373-9.373-24.569 0-33.941l22.667-22.667c9.357-9.357 24.522-9.375 33.901-.04L224 284.505l154.745-154.021c9.379-9.335 24.544-9.317 33.901.04l22.667 22.667c9.373 9.373 9.373 24.569 0 33.941L240.971 381.476c-9.373 9.372-24.569 9.372-33.942 0z\"><\/path><\/svg><\/div><\/a><\/div><\/div><\/div><\/div><\/div>\n<\/div><\/div><\/div><\/div><\/div><\/div>\n<\/div><\/div><\/div><\/div><\/div><\/div>\n\n\n\n<div class=\"alignfull wp-block-ugb-container ugb-container ugb-e8421bc ugb-container--v2 ugb-container--design-plain ugb-main-block ugb--has-custom-content-width ugb-main-block--inner-full ugb--has-block-background\" id=\"form\"><style>.ugb-e8421bc .ugb-inner-block{text-align:left}.ugb-e8421bc.ugb-container{background-color:#00acee}.ugb-e8421bc.ugb-container > .ugb-inner-block{max-width:1200px !important}.ugb-e8421bc.ugb-container:before{background-color:#00acee}@media screen and (min-width:768px){.ugb-e8421bc.ugb-container{margin-bottom:0px !important;padding-top:4em !important;padding-right:0em !important;padding-bottom:2em !important;padding-left:0em !important}}@media screen and (min-width:768px){.ugb-e8421bc > .ugb-inner-block > .ugb-block-content > *{padding-top:0px !important;padding-bottom:0px !important;padding-right:0px !important;padding-left:0px !important}}<\/style><div class=\"ugb-inner-block ugb-inner-block--full\"><div class=\"ugb-block-content\"><div class=\"ugb-container__wrapper ugb-e8421bc-wrapper\"><div class=\"ugb-container__side\"><div class=\"ugb-container__content-wrapper ugb-e8421bc-content-wrapper\">\n<div class=\"wp-block-ugb-icon-list ugb-icon-list ugb-0c21186 ugb-icon-list--v2 ugb-main-block\"><style>.ugb-0c21186 li{font-size:20px !important;color:#ffffff;--icon-size:24px !important}.ugb-0c21186 li::before{width:24px !important;height:24px !important;background-image:url('data:image\/svg+xml;base64,PHN2ZyBkYXRhLXByZWZpeD0iZmFzIiBkYXRhLWljb249ImNoZWNrIiBjbGFzcz0ic3ZnLWlubGluZS0tZmEgZmEtY2hlY2sgZmEtdy0xNiIgcm9sZT0iaW1nIiB4bWxucz0iaHR0cDovL3d3dy53My5vcmcvMjAwMC9zdmciIHZpZXdCb3g9IjAgMCA1MTIgNTEyIiBzdHlsZT0iZmlsbDogI2ZmZmZmZiAhaW1wb3J0YW50OyBjb2xvcjogI2ZmZmZmZiAhaW1wb3J0YW50Ij48cGF0aCBmaWxsPSIjZmZmZmZmIiBkPSJNMTczLjg5OCA0MzkuNDA0bC0xNjYuNC0xNjYuNGMtOS45OTctOS45OTctOS45OTctMjYuMjA2IDAtMzYuMjA0bDM2LjIwMy0zNi4yMDRjOS45OTctOS45OTggMjYuMjA3LTkuOTk4IDM2LjIwNCAwTDE5MiAzMTIuNjkgNDMyLjA5NSA3Mi41OTZjOS45OTctOS45OTcgMjYuMjA3LTkuOTk3IDM2LjIwNCAwbDM2LjIwMyAzNi4yMDRjOS45OTcgOS45OTcgOS45OTcgMjYuMjA2IDAgMzYuMjA0bC0yOTQuNCAyOTQuNDAxYy05Ljk5OCA5Ljk5Ny0yNi4yMDcgOS45OTctMzYuMjA0LS4wMDF6IiBzdHJva2U9IiNmZmZmZmYiIHN0eWxlPSJmaWxsOiByZ2IoMjU1LCAyNTUsIDI1NSk7IHN0cm9rZTogcmdiKDI1NSwgMjU1LCAyNTUpOyIvPjwvc3ZnPg==')}.ugb-0c21186.ugb-icon-list ul{columns:3}@media screen and (min-width:768px){.ugb-0c21186.ugb-icon-list{margin-bottom:35px !important}}<\/style><div class=\"ugb-inner-block\"><div class=\"ugb-block-content\"><ul><li>Acceso a informes, estudios de mercado, gu\u00edas y m\u00e1s categor\u00edas de recursos de informaci\u00f3n para la expansi\u00f3n internacional, en un mismo sitio.<\/li><li><strong>REEXIN<\/strong> es un puente hacia la informaci\u00f3n veraz. Los recursos est\u00e1n validados y se obtienen directamente desde la fuente o el autor original.<\/li><li>Escuchamos a los usuarios y contamos con sus necesidades. Tambi\u00e9n a\u00f1adimos recursos bajo demanda y aceptamos sugerencias para a\u00f1adir nuevos contenidos.<\/li><\/ul><\/div><\/div><\/div>\n<\/div><\/div><\/div><\/div><\/div><\/div>\n\n\n\n<div class=\"alignfull wp-block-ugb-container ugb-container ugb-9c0e664 ugb-container--v2 ugb-container--design-plain ugb-main-block ugb--has-custom-content-width\" id=\"form\"><style>.ugb-9c0e664 .ugb-inner-block{text-align:left}.ugb-9c0e664.ugb-container > .ugb-inner-block{max-width:1200px !important}@media screen and (min-width:768px){.ugb-9c0e664.ugb-container{margin-bottom:0px !important;padding-top:4em !important;padding-right:2em !important;padding-bottom:3em !important;padding-left:2em !important}}@media screen and (min-width:768px){.ugb-9c0e664 > .ugb-inner-block > .ugb-block-content > *{padding-top:0px !important;padding-bottom:0px !important;padding-right:0px !important;padding-left:0px !important}}<\/style><div class=\"ugb-inner-block\"><div class=\"ugb-block-content\"><div class=\"ugb-container__wrapper ugb-9c0e664-wrapper\"><div class=\"ugb-container__side\"><div class=\"ugb-container__content-wrapper ugb-9c0e664-content-wrapper\">\n<p><strong>RREEXIN<\/strong> es un portal gratuito impulsado por la Asociaci\u00f3n Empresarial Multisectorial Innovadora Smart Island Cl\u00faster&nbsp;con el apoyo de PROEXCA con el objetivo de facilitar el acceso a informaci\u00f3n p\u00fablica y de calidad relativa a la internacionalizaci\u00f3n de todo tipo de organizaciones.<\/p>\n\n\n\n<p>Utilizar <strong>REEXIN<\/strong> es muy sencillo, simplemente <a href=\"https:\/\/old.smartislandcluster.org\/reexin\/todos-los-recursos\/\">accede al buscador,<\/a> inserta tus t\u00e9rminos de b\u00fasqueda o navega a trav\u00e9s de los diferentes filtros de b\u00fasqueda.<\/p>\n<\/div><\/div><\/div><\/div><\/div><\/div>\n\n\n\n<div class=\"alignfull wp-block-ugb-container ugb-container ugb-6009d33 ugb-container--v2 ugb-container--design-plain ugb-main-block ugb--has-custom-content-width\" id=\"form\"><style>.ugb-6009d33 .ugb-inner-block{text-align:left}.ugb-6009d33.ugb-container > .ugb-inner-block{max-width:1200px !important}@media screen and (min-width:768px){.ugb-6009d33.ugb-container{margin-bottom:0px !important;padding-top:0em !important;padding-right:2em !important;padding-bottom:0em !important;padding-left:2em !important}}@media screen and (min-width:768px){.ugb-6009d33 > .ugb-inner-block > .ugb-block-content > *{padding-top:0px !important;padding-bottom:0px !important;padding-right:0px !important;padding-left:0px !important}}<\/style><div class=\"ugb-inner-block\"><div class=\"ugb-block-content\"><div class=\"ugb-container__wrapper ugb-6009d33-wrapper\"><div class=\"ugb-container__side\"><div class=\"ugb-container__content-wrapper ugb-6009d33-content-wrapper\">\n<div class=\"wp-block-ugb-button ugb-button-wrapper ugb-b3e9767 ugb-button--design-fullwidth ugb-main-block\"><style>.ugb-b3e9767 .ugb-block-content .ugb-button{border-radius:25px}.ugb-b3e9767 .ugb-button1{background-color:#00acee;padding-top:12px;padding-bottom:12px;border-radius:25px !important}.ugb-b3e9767 .ugb-button1 .ugb-button--inner,.ugb-b3e9767 .ugb-button1 svg:not(.ugb-custom-icon){color:#ffffff !important}.ugb-b3e9767 .ugb-button1:before{border-radius:25px !important}.ugb-b3e9767 .ugb-button2{background-color:#00acee;padding-top:12px;padding-bottom:12px}.ugb-b3e9767 .ugb-button2 .ugb-button--inner,.ugb-b3e9767 .ugb-button2 svg:not(.ugb-custom-icon){color:#ffffff !important}.ugb-b3e9767 .ugb-button3{background-color:#00acee;padding-top:12px;padding-bottom:12px}.ugb-b3e9767 .ugb-button3 .ugb-button--inner,.ugb-b3e9767 .ugb-button3 svg:not(.ugb-custom-icon){color:#ffffff !important}<\/style><div class=\"ugb-inner-block\"><div class=\"ugb-block-content\"><div class=\"ugb-button-container\"><a class=\"ugb-button1 ugb-button ugb-button--size-normal ugb-button--has-icon\" href=\"https:\/\/old.smartislandcluster.org\/reexin\/todos-los-recursos\/\" rel=\"\" title=\"\"><div class=\"ugb-icon-inner-svg\"><svg data-prefix=\"fas\" data-icon=\"search\" class=\"svg-inline--fa fa-search fa-w-16\" role=\"img\" xmlns=\"http:\/\/www.w3.org\/2000\/svg\" viewBox=\"0 0 512 512\"><path fill=\"currentColor\" d=\"M505 442.7L405.3 343c-4.5-4.5-10.6-7-17-7H372c27.6-35.3 44-79.7 44-128C416 93.1 322.9 0 208 0S0 93.1 0 208s93.1 208 208 208c48.3 0 92.7-16.4 128-44v16.3c0 6.4 2.5 12.5 7 17l99.7 99.7c9.4 9.4 24.6 9.4 33.9 0l28.3-28.3c9.4-9.4 9.4-24.6.1-34zM208 336c-70.7 0-128-57.2-128-128 0-70.7 57.2-128 128-128 70.7 0 128 57.2 128 128 0 70.7-57.2 128-128 128z\"><\/path><\/svg><\/div><span class=\"ugb-button--inner\">Buscar<\/span><\/a><\/div><div class=\"ugb-button-container\"><a class=\"ugb-button2 ugb-button ugb-button--size-normal ugb-button--has-icon\" href=\"https:\/\/old.smartislandcluster.org\/reexin\/contacto\/\" rel=\"\" title=\"\"><div class=\"ugb-icon-inner-svg\"><svg data-prefix=\"far\" data-icon=\"envelope-open\" class=\"svg-inline--fa fa-envelope-open fa-w-16\" role=\"img\" xmlns=\"http:\/\/www.w3.org\/2000\/svg\" viewBox=\"0 0 512 512\"><path fill=\"currentColor\" d=\"M494.586 164.516c-4.697-3.883-111.723-89.95-135.251-108.657C337.231 38.191 299.437 0 256 0c-43.205 0-80.636 37.717-103.335 55.859-24.463 19.45-131.07 105.195-135.15 108.549A48.004 48.004 0 0 0 0 201.485V464c0 26.51 21.49 48 48 48h416c26.51 0 48-21.49 48-48V201.509a48 48 0 0 0-17.414-36.993zM464 458a6 6 0 0 1-6 6H54a6 6 0 0 1-6-6V204.347c0-1.813.816-3.526 2.226-4.665 15.87-12.814 108.793-87.554 132.364-106.293C200.755 78.88 232.398 48 256 48c23.693 0 55.857 31.369 73.41 45.389 23.573 18.741 116.503 93.493 132.366 106.316a5.99 5.99 0 0 1 2.224 4.663V458zm-31.991-187.704c4.249 5.159 3.465 12.795-1.745 16.981-28.975 23.283-59.274 47.597-70.929 56.863C336.636 362.283 299.205 400 256 400c-43.452 0-81.287-38.237-103.335-55.86-11.279-8.967-41.744-33.413-70.927-56.865-5.21-4.187-5.993-11.822-1.745-16.981l15.258-18.528c4.178-5.073 11.657-5.843 16.779-1.726 28.618 23.001 58.566 47.035 70.56 56.571C200.143 320.631 232.307 352 256 352c23.602 0 55.246-30.88 73.41-45.389 11.994-9.535 41.944-33.57 70.563-56.568 5.122-4.116 12.601-3.346 16.778 1.727l15.258 18.526z\"><\/path><\/svg><\/div><span class=\"ugb-button--inner\">\u00bfDudas?<\/span><\/a><\/div><div class=\"ugb-button-container\"><a class=\"ugb-button3 ugb-button ugb-button--size-normal ugb-button--has-icon\" href=\"\" target=\"_blank\" rel=\"noopener noreferrer\" title=\"\"><div class=\"ugb-icon-inner-svg\"><svg data-prefix=\"fas\" data-icon=\"users\" class=\"svg-inline--fa fa-users fa-w-20\" role=\"img\" xmlns=\"http:\/\/www.w3.org\/2000\/svg\" viewBox=\"0 0 640 512\"><path fill=\"currentColor\" d=\"M96 224c35.3 0 64-28.7 64-64s-28.7-64-64-64-64 28.7-64 64 28.7 64 64 64zm448 0c35.3 0 64-28.7 64-64s-28.7-64-64-64-64 28.7-64 64 28.7 64 64 64zm32 32h-64c-17.6 0-33.5 7.1-45.1 18.6 40.3 22.1 68.9 62 75.1 109.4h66c17.7 0 32-14.3 32-32v-32c0-35.3-28.7-64-64-64zm-256 0c61.9 0 112-50.1 112-112S381.9 32 320 32 208 82.1 208 144s50.1 112 112 112zm76.8 32h-8.3c-20.8 10-43.9 16-68.5 16s-47.6-6-68.5-16h-8.3C179.6 288 128 339.6 128 403.2V432c0 26.5 21.5 48 48 48h288c26.5 0 48-21.5 48-48v-28.8c0-63.6-51.6-115.2-115.2-115.2zm-223.7-13.4C161.5 263.1 145.6 256 128 256H64c-35.3 0-64 28.7-64 64v32c0 17.7 14.3 32 32 32h65.9c6.3-47.4 34.9-87.3 75.2-109.4z\"><\/path><\/svg><\/div><span class=\"ugb-button--inner\">Con\u00f3cenos<\/span><\/a><\/div><\/div><\/div><\/div>\n<\/div><\/div><\/div><\/div><\/div><\/div>\n","protected":false},"excerpt":{"rendered":"<p>Acerca de REEXIN REEXIN es el portal de referencia de REcursos de EXpansi\u00f3n INternacional creado para facilitar todos los recursos necesarios para la internacionalizaci\u00f3n de las organizaciones, en un mismo lugar. Acceso a informes, estudios de mercado, gu\u00edas y m\u00e1s categor\u00edas de recursos de informaci\u00f3n para la expansi\u00f3n internacional, en un mismo sitio. REEXIN es [&hellip;]<\/p>\n","protected":false},"author":21,"featured_media":0,"parent":0,"menu_order":0,"comment_status":"closed","ping_status":"closed","template":"","meta":{"_genesis_hide_title":true,"_genesis_hide_breadcrumbs":false,"_genesis_hide_singular_image":false,"_genesis_hide_footer_widgets":false,"_genesis_custom_body_class":"","_genesis_custom_post_class":"","_genesis_layout":"","footnotes":""},"class_list":{"0":"post-33","1":"page","2":"type-page","3":"status-publish","5":"entry"},"featured_image_urls":{"full":"","thumbnail":"","medium":"","medium_large":"","large":"","1536x1536":"","2048x2048":"","featured-page":"","woocommerce_thumbnail":"","woocommerce_single":"","woocommerce_gallery_thumbnail":""},"post_excerpt_stackable":"<p>Acerca de REEXINREEXIN es el portal de referencia de REcursos de EXpansi\u00f3n INternacional creado para facilitar todos los recursos necesarios para la internacionalizaci\u00f3n de las organizaciones, en un mismo lugar. Acceso a informes, estudios de mercado, gu\u00edas y m\u00e1s categor\u00edas de recursos de informaci\u00f3n para la expansi\u00f3n internacional, en un mismo sitio.REEXIN es un puente hacia la informaci\u00f3n veraz. Los recursos est\u00e1n validados y se obtienen directamente desde la fuente o el autor original.Escuchamos a los usuarios y contamos con sus necesidades. Tambi\u00e9n a\u00f1adimos recursos bajo demanda y aceptamos sugerencias para a\u00f1adir nuevos contenidos. RREEXIN es un portal gratuito impulsado&hellip;<\/p>\n","category_list":"","author_info":{"name":"Inco-LAB Smart Island Cluster","url":"https:\/\/old.smartislandcluster.org\/reexin\/author\/inco-lab\/"},"comments_num":"0 comentarios","featured_image_urls_v2":{"full":"","thumbnail":"","medium":"","medium_large":"","large":"","1536x1536":"","2048x2048":"","featured-page":"","woocommerce_thumbnail":"","woocommerce_single":"","woocommerce_gallery_thumbnail":""},"post_excerpt_stackable_v2":"<p>Acerca de REEXINREEXIN es el portal de referencia de REcursos de EXpansi\u00f3n INternacional creado para facilitar todos los recursos necesarios para la internacionalizaci\u00f3n de las organizaciones, en un mismo lugar. Acceso a informes, estudios de mercado, gu\u00edas y m\u00e1s categor\u00edas de recursos de informaci\u00f3n para la expansi\u00f3n internacional, en un mismo sitio.REEXIN es un puente hacia la informaci\u00f3n veraz. Los recursos est\u00e1n validados y se obtienen directamente desde la fuente o el autor original.Escuchamos a los usuarios y contamos con sus necesidades. Tambi\u00e9n a\u00f1adimos recursos bajo demanda y aceptamos sugerencias para a\u00f1adir nuevos contenidos. RREEXIN es un portal gratuito impulsado&hellip;<\/p>\n","category_list_v2":"","author_info_v2":{"name":"Inco-LAB Smart Island Cluster","url":"https:\/\/old.smartislandcluster.org\/reexin\/author\/inco-lab\/"},"comments_num_v2":"0 comentarios","yoast_head":"<!-- This site is optimized with the Yoast SEO plugin v19.11 - https:\/\/yoast.com\/wordpress\/plugins\/seo\/ -->\n<title>Acerca de &gt; REEXIN<\/title>\n<meta name=\"description\" content=\"REEXIN es el portal de referencia que recopila todos los recursos de Expansi\u00f3n Internacional en un mismo lugar.\" \/>\n<meta name=\"robots\" content=\"index, follow, max-snippet:-1, max-image-preview:large, max-video-preview:-1\" \/>\n<link rel=\"canonical\" href=\"https:\/\/old.smartislandcluster.org\/reexin\/acerca-de\/\" \/>\n<meta property=\"og:locale\" content=\"es_ES\" \/>\n<meta property=\"og:type\" content=\"article\" \/>\n<meta property=\"og:title\" content=\"Acerca de &gt; REEXIN\" \/>\n<meta property=\"og:description\" content=\"REEXIN es el portal de referencia que recopila todos los recursos de Expansi\u00f3n Internacional en un mismo lugar.\" \/>\n<meta property=\"og:url\" content=\"https:\/\/old.smartislandcluster.org\/reexin\/acerca-de\/\" \/>\n<meta property=\"og:site_name\" content=\"REEXIN\" \/>\n<meta property=\"article:modified_time\" content=\"2021-07-23T10:49:26+00:00\" \/>\n<meta name=\"twitter:card\" content=\"summary_large_image\" \/>\n<script type=\"application\/ld+json\" class=\"yoast-schema-graph\">{\"@context\":\"https:\/\/schema.org\",\"@graph\":[{\"@type\":\"WebPage\",\"@id\":\"https:\/\/old.smartislandcluster.org\/reexin\/acerca-de\/\",\"url\":\"https:\/\/old.smartislandcluster.org\/reexin\/acerca-de\/\",\"name\":\"Acerca de &gt; REEXIN\",\"isPartOf\":{\"@id\":\"https:\/\/old.smartislandcluster.org\/reexin\/#website\"},\"datePublished\":\"2021-06-25T17:34:00+00:00\",\"dateModified\":\"2021-07-23T10:49:26+00:00\",\"description\":\"REEXIN es el portal de referencia que recopila todos los recursos de Expansi\u00f3n Internacional en un mismo lugar.\",\"breadcrumb\":{\"@id\":\"https:\/\/old.smartislandcluster.org\/reexin\/acerca-de\/#breadcrumb\"},\"inLanguage\":\"es\",\"potentialAction\":[{\"@type\":\"ReadAction\",\"target\":[\"https:\/\/old.smartislandcluster.org\/reexin\/acerca-de\/\"]}]},{\"@type\":\"BreadcrumbList\",\"@id\":\"https:\/\/old.smartislandcluster.org\/reexin\/acerca-de\/#breadcrumb\",\"itemListElement\":[{\"@type\":\"ListItem\",\"position\":1,\"name\":\"Portada\",\"item\":\"https:\/\/old.smartislandcluster.org\/reexin\/\"},{\"@type\":\"ListItem\",\"position\":2,\"name\":\"Acerca de\"}]},{\"@type\":\"WebSite\",\"@id\":\"https:\/\/old.smartislandcluster.org\/reexin\/#website\",\"url\":\"https:\/\/old.smartislandcluster.org\/reexin\/\",\"name\":\"REEXIN\",\"description\":\"Portal de referencia de Recursos de Expansi\u00f3n Internacional\",\"potentialAction\":[{\"@type\":\"SearchAction\",\"target\":{\"@type\":\"EntryPoint\",\"urlTemplate\":\"https:\/\/old.smartislandcluster.org\/reexin\/?s={search_term_string}\"},\"query-input\":\"required name=search_term_string\"}],\"inLanguage\":\"es\"}]}<\/script>\n<!-- \/ Yoast SEO plugin. -->","yoast_head_json":{"title":"Acerca de &gt; REEXIN","description":"REEXIN es el portal de referencia que recopila todos los recursos de Expansi\u00f3n Internacional en un mismo lugar.","robots":{"index":"index","follow":"follow","max-snippet":"max-snippet:-1","max-image-preview":"max-image-preview:large","max-video-preview":"max-video-preview:-1"},"canonical":"https:\/\/old.smartislandcluster.org\/reexin\/acerca-de\/","og_locale":"es_ES","og_type":"article","og_title":"Acerca de &gt; REEXIN","og_description":"REEXIN es el portal de referencia que recopila todos los recursos de Expansi\u00f3n Internacional en un mismo lugar.","og_url":"https:\/\/old.smartislandcluster.org\/reexin\/acerca-de\/","og_site_name":"REEXIN","article_modified_time":"2021-07-23T10:49:26+00:00","twitter_card":"summary_large_image","schema":{"@context":"https:\/\/schema.org","@graph":[{"@type":"WebPage","@id":"https:\/\/old.smartislandcluster.org\/reexin\/acerca-de\/","url":"https:\/\/old.smartislandcluster.org\/reexin\/acerca-de\/","name":"Acerca de &gt; REEXIN","isPartOf":{"@id":"https:\/\/old.smartislandcluster.org\/reexin\/#website"},"datePublished":"2021-06-25T17:34:00+00:00","dateModified":"2021-07-23T10:49:26+00:00","description":"REEXIN es el portal de referencia que recopila todos los recursos de Expansi\u00f3n Internacional en un mismo lugar.","breadcrumb":{"@id":"https:\/\/old.smartislandcluster.org\/reexin\/acerca-de\/#breadcrumb"},"inLanguage":"es","potentialAction":[{"@type":"ReadAction","target":["https:\/\/old.smartislandcluster.org\/reexin\/acerca-de\/"]}]},{"@type":"BreadcrumbList","@id":"https:\/\/old.smartislandcluster.org\/reexin\/acerca-de\/#breadcrumb","itemListElement":[{"@type":"ListItem","position":1,"name":"Portada","item":"https:\/\/old.smartislandcluster.org\/reexin\/"},{"@type":"ListItem","position":2,"name":"Acerca de"}]},{"@type":"WebSite","@id":"https:\/\/old.smartislandcluster.org\/reexin\/#website","url":"https:\/\/old.smartislandcluster.org\/reexin\/","name":"REEXIN","description":"Portal de referencia de Recursos de Expansi\u00f3n Internacional","potentialAction":[{"@type":"SearchAction","target":{"@type":"EntryPoint","urlTemplate":"https:\/\/old.smartislandcluster.org\/reexin\/?s={search_term_string}"},"query-input":"required name=search_term_string"}],"inLanguage":"es"}]}},"_links":{"self":[{"href":"https:\/\/old.smartislandcluster.org\/reexin\/wp-json\/wp\/v2\/pages\/33","targetHints":{"allow":["GET"]}}],"collection":[{"href":"https:\/\/old.smartislandcluster.org\/reexin\/wp-json\/wp\/v2\/pages"}],"about":[{"href":"https:\/\/old.smartislandcluster.org\/reexin\/wp-json\/wp\/v2\/types\/page"}],"author":[{"embeddable":true,"href":"https:\/\/old.smartislandcluster.org\/reexin\/wp-json\/wp\/v2\/users\/21"}],"replies":[{"embeddable":true,"href":"https:\/\/old.smartislandcluster.org\/reexin\/wp-json\/wp\/v2\/comments?post=33"}],"version-history":[{"count":30,"href":"https:\/\/old.smartislandcluster.org\/reexin\/wp-json\/wp\/v2\/pages\/33\/revisions"}],"predecessor-version":[{"id":446,"href":"https:\/\/old.smartislandcluster.org\/reexin\/wp-json\/wp\/v2\/pages\/33\/revisions\/446"}],"wp:attachment":[{"href":"https:\/\/old.smartislandcluster.org\/reexin\/wp-json\/wp\/v2\/media?parent=33"}],"curies":[{"name":"wp","href":"https:\/\/api.w.org\/{rel}","templated":true}]}}